n base 2?
1111100001100100
Convert 3431742 (base 8) to base 4.
3203033202
Convert -80952 (base 14) to base 2.
-1001011011110101100
Convert -1b3429 (base 14) to base 7.
-11145252
7232866 (base 10) to base 16
6e5d62
-112550 (base 10) to base 12
-55172
What is -143a18 (base 11) in base 12?
-aa145
26063677 (base 8) to base 7
100150222
What is 202304341 (base 6) in base 4?
31100312011
-d263bc (base 15) to base 14
-14822d5
Convert -b9047 (base 13) to base 15.
-68e6d
Convert -7d4110 (base 14) to base 9.
-8035622
3b3206 (base 12) to base 10
980070
What is 5a2b1b (base 13) in base 9?
4033877
What is -14164453 (base 7) in base 2?
-101000011111101101110
Convert -136332302 (base 7) to base 6.
-520521355
What is -11a7 (base 14) in base 16?
-c0f
What is 302232211 (base 5) in base 11?
758295
What is 331612 (base 10) in base 9?
554787
-adc (base 15) to base 12
-1509
Convert -532160 (base 7) to base 8.
-263557
-22011202102010 (base 3) to base 14
-811712
2212031012 (base 4) to base 13
1aab33
Convert 1210121002211 (base 3) to base 4.
3221201230
What is -1413626 (base 8) in base 4?
-1201132112
What is -3433332 (base 5) in base 12?
-2b871
e4fb9 (base 16) to base 10
937913
-6699c (base 15) to base 12
-138910
Convert 142003 (base 10) to base 5.
14021003
What is 10201111100 (base 3) in base 4?
101320230
-1016505 (base 7) to base 10
-122358
-2a7640 (base 13) to base 8
-3770241
Convert 120c5 (base 13) to base 14.
c0d6
-1101312332 (base 4) to base 15
-6952e
What is 10322333132 (base 4) in base 5?
312241311
Convert 5a216 (base 11) to base 7.
510662
-6324b4b (base 12) to base 5
-14242244202
Convert -70665 (base 11) to base 4.
-121031310
What is -1110101100110110110 (base 2) in base 13?
-13b353
-22563062 (base 7) to base 5
-1001410043
Convert 1242a34 (base 11) to base 4.
20032121220
What is -4669160 (base 10) in base 16?
-473ee8
What is 87485a (base 12) in base 5?
1022101232
19bb1 (base 12) to base 11
26610
5c559 (base 15) to base 5
33413314
-26543 (base 11) to base 16
-9420
Convert 3142434 (base 5) to base 10.
52869
40620 (base 8) to base 15
4e8e
What is -1553251 (base 7) in base 12?
-a4404
What is -ba2564 (base 12) in base 8?
-13177234
Convert 73cd4 (base 15) to base 14.
97c6b
Convert -58149 (base 11) to base 10.
-84027
Convert -101102110020 (base 3) to base 15.
-40bd9
What is -83b699 (base 13) in base 14?
-5a2d14
100022002 (base 5) to base 3
201220220020
Convert 66737 (base 13) to base 15.
3a0a2
Convert -2155151 (base 6) to base 16.
-1a8ab
Convert 228460 (base 10) to base 8.
676154
-235dca (base 15) to base 10
-1690615
What is -67234 (base 11) in base 9?
-157588
Convert -365656a (base 11) to base 15.
-85a45b
Convert 165587 (base 9) to base 14.
29528
-223300301 (base 4) to base 9
-302785
Convert -74674c (base 15) to base 9.
-11373430
-33230222 (base 4) to base 5
-4024143
What is 183635 (base 9) in base 8?
337102
77c48 (base 15) to base 8
1347540
-110100220 (base 3) to base 15
-2a10
10201210002 (base 3) to base 16
11efd
What is 40322041 (base 5) in base 12?
137198
What is 201101220020 (base 3) in base 10?
381921
What is -10010110101010110010 (base 2) in base 14?
-120c94
Convert -6cf96 (base 16) to base 15.
-8c3c3
9bc0bb (base 13) to base 16
383016
3522750 (base 8) to base 11
5a6276
Convert -9a4cb (base 13) to base 5.
-32423422
-11222a5 (base 11) to base 2
-111011111101101110001
Convert -121387 (base 9) to base 16.
-11e06
Convert 6a49b (base 12) to base 16.
22c37
Convert 1ae7e1 (base 15) to base 6.
44102221
-51b572 (base 12) to base 8
-4715146
What is 25158 (base 12) in base 3?
2120000212
Convert -dd98b (base 14) to base 10.
-536967
Convert 750104 (base 8) to base 5.
30444144
97733 (base 11) to base 13
4c809
What is -2401101121 (base 5) in base 2?
-10100111011110000101101
Convert -195094a (base 13) to base 14.
-116565c
What is 101211102022 (base 3) in base 5?
23310143
What is 142a80 (base 11) in base 7?
1620552
Convert 11011011001011 (base 2) to base 14.
517d
Convert -b1a77 (base 15) to base 10.
-562612
Convert -1000011000100001000101100 (base 2) to base 5.
-14000034323
10202121012 (base 3) to base 9
122535
Convert 100101201022 (base 3) to base 9.
311638
-6161036 (base 8) to base 5
-404141000
Convert -4155415 (base 6) to base 10.
-202115
-b1468 (base 13) to base 16
-4d6ca
-2b7b7 (base 15) to base 4
-202031122
100021201101 (base 3) to base 11
115358
Convert -100012212002 (base 3) to base 8.
-542247
What is -1100100110111001010101 (base 2) in base 15?
-454415
What is -2104211 (base 6) in base 12?
-4b067
Convert 520008 (base 13) to base 9.
3535856
What is 5341007 (base 10) in base 9?
11040432
Convert -10425141 (base 8) to base 13.
-6051c5
Convert 851375 (base 12) to base 9.
3844868
-332011 (base 14) to base 4
-12213121033
Convert -98498 (base 10) to base 6.
-2040002
2013311213 (base 4) to base 2
10000111110101100111
-13311212 (base 4) to base 2
-111110101100110
Convert -35324 (base 8) to base 14.
-56ba
62a8a8 (base 15) to base 8
21716330
2dc6e (base 15) to base 13
52442
Convert -152299 (base 11) to base 16.
-39ed4
Convert -1233daa (base 14) to base 5.
-4213400422
Convert -2019436 (base 11) to base 14.
-68d18d
-13311412 (base 5) to base 10
-135232
What is -27753313 (base 8) in base 13?
-13bbb19
Convert -1530a72 (base 12) to base 6.
-232011022
854050 (base 14) to base 11
25a8238
What is -4130507 (base 8) in base 15?
-169209
What is 1000101000010 (base 2) in base 8?
10502
Convert -1102013030 (base 4) to base 16.
-521cc
-2157733 (base 11) to base 6
-213103030
What is -d1d8 (base 16) in base 14?
-15812
Convert -1121523 (base 6) to base 14.
-16d07
Convert -1002013300 (base 4) to base 7.
-2205412
What is 405324550 (base 6) in base 16?
6a7cb2
Convert -13040040 (base 6) to base 16.
-67c98
What is -17c6800 (base 13) in base 16?
-76c2d6
Convert -221112001211 (base 3) to base 4.
-1322220322
Convert 132023322 (base 4) to base 3.
20021121100
What is 205336 (base 12) in base 7?
4210326
What is -1b2b90 (base 12) in base 3?
-220111021200
Convert 12042040 (base 5) to base 4.
123120101
What is 2245330 (base 6) in base 2?
11100001000110110
What is -5660524 (base 7) in base 10?
-703756
87721b (base 12) to base 9
4033715
110010110100001001101101 (base 2) to base 15
1281d93
-b5b62 (base 12) to base 9
-403012
Convert 1111111010001011111 (base 2) to base 16.
7f45f
-100110100001010011 (base 2) to base 8
-464123
Convert -25522 (base 11) to base 6.
-441142
267420 (base 13) to base 8
3430361
11001111011011010000 (base 2) to base 7
10136005
111000100110111000100 (base 2) to base 3
10111020110121
Convert 111110100000110100 (base 2) to base 6.
5253232
What is -14263eb (base 15) in base 4?
-313200113321
Convert cc11d (base 14) to base 12.
1b9b67
Convert -3712162 (base 8) to base 5.
-230133132
Convert -a07996 (base 12) to base 4.
-21202303002
What is -121065 (base 9) in base 5?
-4313314
-a4d12 (base 14) to base 8
-1410604
Convert 1276ca (base 13) to base 7.
3532205
What is 9ed1f (base 16) in base 15?
ccb37
303022 (base 11) to base 8
1667402
Convert 101110000100111101001101 (base 2) to base 5.
11043011200
18ba74 (base 13) to base 14
124073
-101000000001011 (base 2) to base 16
-500b
What is 30010001 (base 6) in base 9?
1521701
What is 11100010000101000000 (base 2) in base 12?
387a80
What is 10114200 (base 6) in base 2?
1000110110010011000
What is -28c12 (base 16) in base 4?
-220300102
17268678 (base 9) to base 11
498a639
Convert 6034413 (base 9) to base 4.
30100010331
Convert 649c16 (base 14) to base 16.
33ff3c
-886811 (base 10) to base 7
-10352312
What is -201220201200211 (base 3) in base 16?
-a18042
-249864 (base 10) to base 7
-2060316
Convert 216446 (base 12) to base 7.
4333302
10c10 (base 14) to base 11
28705
2634069 (base 10) to base 9
4854233
Convert 12671 (base 11) to base 14.
6855
Convert -2022121021 (base 3) to base 2.
-1011001001000101
-2a4a75 (base 11) to base 9
-803670
What is -1010111101001010001110 (base 2) in base 14?
-54a8b4
-3313b40 (base 12) to base 4
-211013332200
-57b28d (base 14) to base 16
-2d9abd
5b23b3 (base 12) to base 14
2a6007
167650 (base 8) to base 14
18504
10101101001010011 (base 2) to base 10
88659
94139 (base 15) to base 10
469404
What is -156852 (base 11) in base 7?
-2032143
Convert -3151162 (base 7) to base 8.
-1352363
What is -332232220 (base 4) in base 9?
-431404
22543b5